{"id":27706,"date":"2023-05-04T09:45:07","date_gmt":"2023-05-04T09:45:07","guid":{"rendered":"https:\/\/www.tornum.com\/product\/grain-dryer-te\/"},"modified":"2025-07-11T09:28:50","modified_gmt":"2025-07-11T09:28:50","slug":"secadero-de-grano-te","status":"publish","type":"product","link":"https:\/\/www.tornum.com\/es\/producto\/secadero-de-grano-te\/","title":{"rendered":"SECADERO DE GRANO TE"},"content":{"rendered":"<div class=\"wpb-content-wrapper\"><p>[vc_row][vc_column width=\u00bb2\/3&#8243;][vc_column_text]El secadero de lotes TE de Tornum es un secadero de granos compacto y asequible que puede adaptarse a diferentes necesidades. El secadero de granos tiene una secci\u00f3n inferior autodescargable, que se utiliza como zona de secado, y est\u00e1 equipado con laterales de secado y una compuerta de salida, lo que proporciona un buen ahorro de secado. Todos nuestros secaderos de granos est\u00e1n hechos de acero galvanizado por inmersi\u00f3n en caliente.[\/vc_column_text][\/vc_column][vc_column width=\u00bb1\/3&#8243;][vc_column_text]<strong>INCLUIDO<\/strong><\/p>\n<ul>\n<li>Conducto de aire caliente<\/li>\n<li>Zona de almacenamiento intermedio<\/li>\n<\/ul>\n<p><strong>OPCIONES<\/strong><\/p>\n<ul>\n<li>Escaleras y plataformas<\/li>\n<li>Ventana de inspecci\u00f3n: facilita la inspecci\u00f3n desde el exterior<\/li>\n<li>Zona de almacenamiento intermedio ampliada<\/li>\n<li>Control: tiempo, peso o temperatura<\/li>\n<li>Conducto de aire h\u00famedo<\/li>\n<li>Indicador de nivel<\/li>\n<li>Sistema de detecci\u00f3n de incendios<\/li>\n<\/ul>\n<p>[\/vc_column_text][\/vc_column][\/vc_row]<\/p>\n<\/div>","protected":false},"excerpt":{"rendered":"<p>El secadero de lotes TE de Tornum es un secadero de granos vers\u00e1til y rentable dise\u00f1ado para diversas necesidades. Cuenta con una secci\u00f3n inferior autodescargable que funciona como zona de secado, completa con laterales de secado y una compuerta de salida para un secado eficiente. Todos nuestros secaderos de granos est\u00e1n construidos con acero galvanizado por inmersi\u00f3n en caliente.<\/p>\n","protected":false},"featured_media":26770,"comment_status":"open","ping_status":"closed","template":"","meta":{"_acf_changed":false},"product_brand":[],"product_cat":[747,754,755,748,775],"product_tag":[757,758,807,781],"class_list":{"0":"post-27706","1":"product","2":"type-product","3":"status-publish","4":"has-post-thumbnail","6":"product_cat-all-products-es","7":"product_cat-food-2-es","8":"product_cat-grain-es","9":"product_cat-conditioning-es","10":"product_cat-grain-dryers-es","11":"product_tag-burner-es","12":"product_tag-dryer-es","13":"product_tag-dryer-ts-es","14":"product_tag-transport-es","15":"description-off","17":"first","18":"instock","19":"shipping-taxable","20":"product-type-simple"},"acf":[],"_links":{"self":[{"href":"https:\/\/www.tornum.com\/es\/wp-json\/wp\/v2\/product\/27706","targetHints":{"allow":["GET"]}}],"collection":[{"href":"https:\/\/www.tornum.com\/es\/wp-json\/wp\/v2\/product"}],"about":[{"href":"https:\/\/www.tornum.com\/es\/wp-json\/wp\/v2\/types\/product"}],"replies":[{"embeddable":true,"href":"https:\/\/www.tornum.com\/es\/wp-json\/wp\/v2\/comments?post=27706"}],"version-history":[{"count":1,"href":"https:\/\/www.tornum.com\/es\/wp-json\/wp\/v2\/product\/27706\/revisions"}],"predecessor-version":[{"id":27729,"href":"https:\/\/www.tornum.com\/es\/wp-json\/wp\/v2\/product\/27706\/revisions\/27729"}],"wp:featuredmedia":[{"embeddable":true,"href":"https:\/\/www.tornum.com\/es\/wp-json\/wp\/v2\/media\/26770"}],"wp:attachment":[{"href":"https:\/\/www.tornum.com\/es\/wp-json\/wp\/v2\/media?parent=27706"}],"wp:term":[{"taxonomy":"product_brand","embeddable":true,"href":"https:\/\/www.tornum.com\/es\/wp-json\/wp\/v2\/product_brand?post=27706"},{"taxonomy":"product_cat","embeddable":true,"href":"https:\/\/www.tornum.com\/es\/wp-json\/wp\/v2\/product_cat?post=27706"},{"taxonomy":"product_tag","embeddable":true,"href":"https:\/\/www.tornum.com\/es\/wp-json\/wp\/v2\/product_tag?post=27706"}],"curies":[{"name":"wp","href":"https:\/\/api.w.org\/{rel}","templated":true}]}}

<div class="wpb-content-wrapper"><p>[vc_row][vc_column width=»2/3&#8243;][vc_column_text]El secadero de lotes TE de Tornum es un secadero de granos compacto y asequible que puede adaptarse a diferentes necesidades. El secadero de granos tiene una sección inferior autodescargable, que se utiliza como zona de secado, y está equipado con laterales de secado y una compuerta de salida, lo que proporciona un buen ahorro de secado. Todos nuestros secaderos de granos están hechos de acero galvanizado por inmersión en caliente.[/vc_column_text][/vc_column][vc_column width=»1/3&#8243;][vc_column_text]<strong>INCLUIDO</strong></p>
<ul>
<li>Conducto de aire caliente</li>
<li>Zona de almacenamiento intermedio</li>
</ul>
<p><strong>OPCIONES</strong></p>
<ul>
<li>Escaleras y plataformas</li>
<li>Ventana de inspección: facilita la inspección desde el exterior</li>
<li>Zona de almacenamiento intermedio ampliada</li>
<li>Control: tiempo, peso o temperatura</li>
<li>Conducto de aire húmedo</li>
<li>Indicador de nivel</li>
<li>Sistema de detección de incendios</li>
</ul>
<p>[/vc_column_text][/vc_column][/vc_row]</p>
</div>

<p>El secadero de lotes TE de Tornum es un secadero de granos versátil y rentable diseñado para diversas necesidades. Cuenta con una sección inferior autodescargable que funciona como zona de secado, completa con laterales de secado y una compuerta de salida para un secado eficiente. Todos nuestros secaderos de granos están construidos con acero galvanizado por inmersión en caliente.</p>
