{"id":32759,"date":"2023-05-14T20:46:38","date_gmt":"2023-05-14T20:46:38","guid":{"rendered":"https:\/\/www.tornum.com\/product\/aeration-cover\/"},"modified":"2025-07-30T06:46:42","modified_gmt":"2025-07-30T06:46:42","slug":"pokrywa-kanalu-wentylacyjnego","status":"publish","type":"product","link":"https:\/\/www.tornum.com\/pl\/produkt\/pokrywa-kanalu-wentylacyjnego\/","title":{"rendered":"POKRYWA KANA\u0141U WENTYLACYJNEGO"},"content":{"rendered":"<div class=\"wpb-content-wrapper\"><p>[vc_row][vc_column][vc_column_text]Pokrywa kana\u0142u wentylacyjnego Tornum umo\u017cliwia optymaln\u0105 wentylacj\u0119 wn\u0119trza silosu \u2013 bez \u017cadnych ogranicze\u0144.<\/p>\n<p>Dost\u0119pne s\u0105 pokrywy o d\u0142ugo\u015bci 0,5 i 1 m, co umo\u017cliwia ich rozplanowanie odpowiednio dla wymaga\u0144 inwestycji.<\/p>\n<p>Pokrywy pozwalaj\u0105 uzyska\u0107 g\u0142adk\u0105 powierzchni\u0119 posadzki wewn\u0105trz magazynu zbo\u017cowego, a poza tym \u0142atwo je umy\u0107.<\/p>\n<p>&nbsp;<\/p>\n<p>Dost\u0119pne s\u0105 zar\u00f3wno dla silos\u00f3w, jak i magazyn\u00f3w poziomych.<\/p>\n<p>&nbsp;<\/p>\n<p>Nale\u017cy pami\u0119ta\u0107, \u017ce wentylacja tego typu wymaga odpowiedniego przeprojektowania podstawy tr\u00f3jk\u0105tnej.[\/vc_column_text][\/vc_column][\/vc_row]<\/p>\n<\/div>","protected":false},"excerpt":{"rendered":"<p>Pokrywy kana\u0142\u00f3w wentylacyjnych produkcji Tornum s\u0105 wykonane z blachy perforowanej i montowane r\u00f3wno z betonow\u0105 posadzk\u0105 wewn\u0105trz silosu. Oferujemy pokrywy dla silos\u00f3w o ka\u017cdej \u015brednicy.<\/p>\n","protected":false},"featured_media":32762,"comment_status":"open","ping_status":"closed","template":"","meta":{"_acf_changed":false},"product_brand":[],"product_cat":[955,956,957],"product_tag":[958,959,960,961],"class_list":{"0":"post-32759","1":"product","2":"type-product","3":"status-publish","4":"has-post-thumbnail","6":"product_cat-all-products-pl","7":"product_cat-conditioning-pl","8":"product_cat-aeration-cover-pl","9":"product_tag-axial-pl","10":"product_tag-conditioning-laterals-pl","11":"product_tag-fan-pl","12":"product_tag-silo-pl","13":"description-off","15":"first","16":"instock","17":"shipping-taxable","18":"product-type-simple"},"acf":[],"_links":{"self":[{"href":"https:\/\/www.tornum.com\/pl\/wp-json\/wp\/v2\/product\/32759","targetHints":{"allow":["GET"]}}],"collection":[{"href":"https:\/\/www.tornum.com\/pl\/wp-json\/wp\/v2\/product"}],"about":[{"href":"https:\/\/www.tornum.com\/pl\/wp-json\/wp\/v2\/types\/product"}],"replies":[{"embeddable":true,"href":"https:\/\/www.tornum.com\/pl\/wp-json\/wp\/v2\/comments?post=32759"}],"version-history":[{"count":2,"href":"https:\/\/www.tornum.com\/pl\/wp-json\/wp\/v2\/product\/32759\/revisions"}],"predecessor-version":[{"id":32919,"href":"https:\/\/www.tornum.com\/pl\/wp-json\/wp\/v2\/product\/32759\/revisions\/32919"}],"wp:featuredmedia":[{"embeddable":true,"href":"https:\/\/www.tornum.com\/pl\/wp-json\/wp\/v2\/media\/32762"}],"wp:attachment":[{"href":"https:\/\/www.tornum.com\/pl\/wp-json\/wp\/v2\/media?parent=32759"}],"wp:term":[{"taxonomy":"product_brand","embeddable":true,"href":"https:\/\/www.tornum.com\/pl\/wp-json\/wp\/v2\/product_brand?post=32759"},{"taxonomy":"product_cat","embeddable":true,"href":"https:\/\/www.tornum.com\/pl\/wp-json\/wp\/v2\/product_cat?post=32759"},{"taxonomy":"product_tag","embeddable":true,"href":"https:\/\/www.tornum.com\/pl\/wp-json\/wp\/v2\/product_tag?post=32759"}],"curies":[{"name":"wp","href":"https:\/\/api.w.org\/{rel}","templated":true}]}}

POKRYWA KANAŁU WENTYLACYJNEGO

<div class="wpb-content-wrapper"><p>[vc_row][vc_column][vc_column_text]Pokrywa kanału wentylacyjnego Tornum umożliwia optymalną wentylację wnętrza silosu – bez żadnych ograniczeń.</p>
<p>Dostępne są pokrywy o długości 0,5 i 1 m, co umożliwia ich rozplanowanie odpowiednio dla wymagań inwestycji.</p>
<p>Pokrywy pozwalają uzyskać gładką powierzchnię posadzki wewnątrz magazynu zbożowego, a poza tym łatwo je umyć.</p>
<p>&nbsp;</p>
<p>Dostępne są zarówno dla silosów, jak i magazynów poziomych.</p>
<p>&nbsp;</p>
<p>Należy pamiętać, że wentylacja tego typu wymaga odpowiedniego przeprojektowania podstawy trójkątnej.[/vc_column_text][/vc_column][/vc_row]</p>
</div>

<p>Pokrywy kanałów wentylacyjnych produkcji Tornum są wykonane z blachy perforowanej i montowane równo z betonową posadzką wewnątrz silosu. Oferujemy pokrywy dla silosów o każdej średnicy.</p>
