{"id":32781,"date":"2023-05-04T09:40:05","date_gmt":"2023-05-04T09:40:05","guid":{"rendered":"https:\/\/www.tornum.com\/product\/batch-dryer-ts\/"},"modified":"2025-07-11T09:16:18","modified_gmt":"2025-07-11T09:16:18","slug":"suszarnia-porcjowa-ts","status":"publish","type":"product","link":"https:\/\/www.tornum.com\/pl\/produkt\/suszarnia-porcjowa-ts\/","title":{"rendered":"SUSZARNIA PORCJOWA TS"},"content":{"rendered":"<div class=\"wpb-content-wrapper\"><p>[vc_row][vc_column width=&#8221;2\/3&#8243;][vc_column_text]Mo\u017cna zam\u00f3wi\u0107 suszarni\u0119 porcjow\u0105 TS firmy Tornum o oczekiwanej przez klienta wydajno\u015bci. Urz\u0105dzenie to ma regulowane zasuwy, pozwalaj\u0105ce suszy\u0107 mniejsze partie ziarna.<\/p>\n<p>Sekcja wylotowa mi\u0119dzy sekcjami susz\u0105cymi i koszem roz\u0142adunkowym umo\u017cliwia zawracanie (recyrkulacj\u0119) porcji ziarna przez suszarni\u0119, bez konieczno\u015bci opr\u00f3\u017cniania ca\u0142ego urz\u0105dzenia. Takie rozwi\u0105zanie pozwala liczy\u0107 na r\u00f3wnomierne osuszenie ziarna, jego wysok\u0105 jako\u015b\u0107 po wysuszeniu i du\u017c\u0105 wydajno\u015b\u0107 samego procesu.<\/p>\n<p>Wszystkie nasze suszarnie do ziarna s\u0105 wykonane ze stali ocynkowanej ogniowo.[\/vc_column_text][\/vc_column][vc_column width=&#8221;1\/3&#8243;][vc_column_text]<strong>W KOMPLECIE<\/strong><br \/>\n\u2022 Wska\u017anik poziomu<br \/>\n\u2022 Kana\u0142 przep\u0142ywu powietrza wilgotnego<br \/>\n\u2022 Sekcja wylotowa<br \/>\n\u2022 Strefa buforowa<\/p>\n<p><strong>WYPOSA\u017bENIE DODATKOWE<\/strong><br \/>\n\u2022 System wykrywania po\u017caru<br \/>\n\u2022 Drabiny i podesty<br \/>\n\u2022 Powi\u0119kszenie strefy buforowej<br \/>\n\u2022 Sterowanie na podstawie wilgotno\u015bci lub temperatury<br \/>\n\u2022 Roz\u0142adunek cykliczny[\/vc_column_text][\/vc_column][\/vc_row]<\/p>\n<\/div>","protected":false},"excerpt":{"rendered":"<p>Suszarni\u0119 porcjow\u0105 TS mo\u017cna przystosowa\u0107 do r\u00f3\u017cnych oczekiwanych poziom\u00f3w i zakres\u00f3w wydajno\u015bci. Jest wyposa\u017cona w regulowane zasuwy umo\u017cliwiaj\u0105ce suszenie mniejszych porcji ziarna.<\/p>\n","protected":false},"featured_media":32782,"comment_status":"open","ping_status":"closed","template":"","meta":{"_acf_changed":false},"product_brand":[],"product_cat":[955,963,983],"product_tag":[966,984,967,985],"class_list":{"0":"post-32781","1":"product","2":"type-product","3":"status-publish","4":"has-post-thumbnail","6":"product_cat-all-products-pl","7":"product_cat-grain-pl","8":"product_cat-grain-dryers-pl","9":"product_tag-dryer-pl","10":"product_tag-dryer-tk-pl","11":"product_tag-dryer-tkr-pl","12":"product_tag-hr-pl","13":"description-off","15":"first","16":"instock","17":"shipping-taxable","18":"product-type-simple"},"acf":[],"_links":{"self":[{"href":"https:\/\/www.tornum.com\/pl\/wp-json\/wp\/v2\/product\/32781","targetHints":{"allow":["GET"]}}],"collection":[{"href":"https:\/\/www.tornum.com\/pl\/wp-json\/wp\/v2\/product"}],"about":[{"href":"https:\/\/www.tornum.com\/pl\/wp-json\/wp\/v2\/types\/product"}],"replies":[{"embeddable":true,"href":"https:\/\/www.tornum.com\/pl\/wp-json\/wp\/v2\/comments?post=32781"}],"version-history":[{"count":2,"href":"https:\/\/www.tornum.com\/pl\/wp-json\/wp\/v2\/product\/32781\/revisions"}],"predecessor-version":[{"id":32961,"href":"https:\/\/www.tornum.com\/pl\/wp-json\/wp\/v2\/product\/32781\/revisions\/32961"}],"wp:featuredmedia":[{"embeddable":true,"href":"https:\/\/www.tornum.com\/pl\/wp-json\/wp\/v2\/media\/32782"}],"wp:attachment":[{"href":"https:\/\/www.tornum.com\/pl\/wp-json\/wp\/v2\/media?parent=32781"}],"wp:term":[{"taxonomy":"product_brand","embeddable":true,"href":"https:\/\/www.tornum.com\/pl\/wp-json\/wp\/v2\/product_brand?post=32781"},{"taxonomy":"product_cat","embeddable":true,"href":"https:\/\/www.tornum.com\/pl\/wp-json\/wp\/v2\/product_cat?post=32781"},{"taxonomy":"product_tag","embeddable":true,"href":"https:\/\/www.tornum.com\/pl\/wp-json\/wp\/v2\/product_tag?post=32781"}],"curies":[{"name":"wp","href":"https:\/\/api.w.org\/{rel}","templated":true}]}}

<div class="wpb-content-wrapper"><p>[vc_row][vc_column width=&#8221;2/3&#8243;][vc_column_text]Można zamówić suszarnię porcjową TS firmy Tornum o oczekiwanej przez klienta wydajności. Urządzenie to ma regulowane zasuwy, pozwalające suszyć mniejsze partie ziarna.</p>
<p>Sekcja wylotowa między sekcjami suszącymi i koszem rozładunkowym umożliwia zawracanie (recyrkulację) porcji ziarna przez suszarnię, bez konieczności opróżniania całego urządzenia. Takie rozwiązanie pozwala liczyć na równomierne osuszenie ziarna, jego wysoką jakość po wysuszeniu i dużą wydajność samego procesu.</p>
<p>Wszystkie nasze suszarnie do ziarna są wykonane ze stali ocynkowanej ogniowo.[/vc_column_text][/vc_column][vc_column width=&#8221;1/3&#8243;][vc_column_text]<strong>W KOMPLECIE</strong><br />
• Wskaźnik poziomu<br />
• Kanał przepływu powietrza wilgotnego<br />
• Sekcja wylotowa<br />
• Strefa buforowa</p>
<p><strong>WYPOSAŻENIE DODATKOWE</strong><br />
• System wykrywania pożaru<br />
• Drabiny i podesty<br />
• Powiększenie strefy buforowej<br />
• Sterowanie na podstawie wilgotności lub temperatury<br />
• Rozładunek cykliczny[/vc_column_text][/vc_column][/vc_row]</p>
</div>

<p>Suszarnię porcjową TS można przystosować do różnych oczekiwanych poziomów i zakresów wydajności. Jest wyposażona w regulowane zasuwy umożliwiające suszenie mniejszych porcji ziarna.</p>
